?
False
Suppose -3 - 7 = -2*q, -3*n + 106243 = -4*q. Suppose -n = -11*t + 4102. Is t prime?
True
Let z be (-3116)/12*(-34 - -4). Suppose 39622 - z = 8*c. Is c a composite number?
True
Suppose 2*b - 312978 = -r, 2*b - 468983 = 3*r - 156021. Is b composite?
False
Is (-1 - 0)*-9 - (-63885776)/212 a prime number?
False
Let p = -398 - -402. Suppose 0 = -p*c + 3*i + 22007, -733 + 6241 = c - 2*i. Is c prime?
False
Let f(m) = -7*m**3 - 11*m**2 - 8*m + 9. Let o be (11/(-2) + 3)*2. Let s be f(o). Is -6*3/(-6) + (s - 3) prime?
False
Let y(x) = -156051*x**3 - 6*x**2 - 7*x - 3. Is y(-1) a prime number?
False
Let b be 4*1/1*1. Suppose -b - 5 = 9*r. Let v(p) = 886*p**2. Is v(r) a prime number?
False
Suppose 2*y - 6 = -2*h - 0*y, -2*y + 18 = 4*h. Let q be (-5 + -2)*(5 - h). Suppose -3628 = q*r - 11*r. Is r a composite number?
False
Let k be -1 + 1 + 306 + -30. Suppose -3163 = -4*v - 3*a, -v + k + 496 = -3*a. Is v a composite number?
False
Let s = 70 - 75. Let a(z) = -10*z**3 + 10*z + 2. Let l be a(s). Suppose -39*c = -40*c + l. Is c composite?
True
Let p be 4/(-4)*1*-152. Suppose -2133 = -5*y + q, -2*y + p = 2*q - 694. Suppose 3*r + 3*m - y = -0*r, 5*r = 5*m + 710. Is r a prime number?
False
Let p = 223 + -350. Let m = -420 + p. Let z = m + 886. Is z composite?
True
Is (16153599/(-462))/(1*(-2)/20) a prime number?
False
Let b(j) = 2*j**3 - 6*j**2 + 4*j + 5. Let r be b(3). Suppose -r*m = -19*m + 354. Is m a prime number?
False
Let x = -12065 - -6370. Suppose -t = 3*d + 3491 + 412, -11691 = 3*t + 3*d. Let p = t - x. Is p composite?
False
Let o(u) be the first derivative of 28*u**3/3 - 7*u**2/2 - 55*u - 29. Is o(-10) composite?
True
Let u(k) = 27*k**2 - 27*k - 51. Let y(o) = o**2 - 2*o - 1. Let d(h) = u(h) - 5*y(h). Is d(-7) a composite number?
False
Let h(b) = 8 - 2*b**2 + b**2 + 15*b + 2*b**2 + 0*b**2. Let u be h(-5). Let l = 107 + u. Is l a composite number?
True
Suppose 2*n - 6 = 2. Let t be (n + 4973)/3 + (-1 - 1). Let z = 2858 - t. Is z a composite number?
False
Suppose 4*k - 651 + 251 = -3*b, -k + 555 = 4*b. Is (-5)/(b/16) - (-10953)/21 a composite number?
False
Let g(k) = -1640*k - 2293. Is g(-73) composite?
False
Suppose 3*c + 162044 = 4*d, -d + 22705 = -4*c - 17832. Is d a composite number?
True
Let g(n) = -5*n**3 + 46*n**2 + 15*n + 127. Is g(-28) a prime number?
True
Let s(i) = -53411*i + 703. Is s(-8) composite?
False
Suppose 16*n - 19*n = -5130. Suppose -n - 19628 = -2*j. Suppose j + 9593 = 6*t. Is t a prime number?
False
Suppose -94081 - 15749 = -14*v. Let f be -4*2*3/(-6). Suppose f*h - 6253 = -0*l + 3*l, -2*l = 5*h - v. Is h composite?
False
Suppose -4*k = 5*t - 66091 + 8755, 0 = 3*t - k - 34388. Suppose -t = -h + 14371. Is h prime?
False
Let r(g) = 20*g**2 + 19*g - 22. Let q(x) = -x**3 + 7*x**2 + 9. Let s be q(7). Is r(s) prime?
False
Let w(n) = -n**3 - n**2 + 2507. Let j be ((-4 + 0 + 4)/3)/1. Is w(j) a composite number?
True
Let v = 2582 + -421. Is v composite?
False
Suppose 0 = n - 5, 6*n + 9817 = -4*y + 3*n. Let t = y - -6575. Is t prime?
False
Let i(b) = -b**3 - 13*b**2 - 33*b + 35. Let f(p) = p**2 + p - 1. Let r(k) = -6*f(k) + i(k). Let c = -10 + -8. Is r(c) a prime number?
True
Let m(r) = -119*r - 10. Let o be m(-1). Let u = 113 - o. Suppose 771 = u*a + 7. Is a composite?
False
Let x(u) = 777*u + 5. Let m be x(11). Let t = 15771 - m. Is t composite?
False
Let f be (0 - -507) + (-7)/(14/4). Let s = f + 504. Is s prime?
True
Let b(w) = 978*w**2 + 6*w + 6. Let v be b(-5). Suppose v = -17*i + 23*i. Suppose 3*u - i = -693. Is u prime?
False
Suppose 0 = -3*i - 2*i - g + 2984, -3*g + 594 = i. Let y = i + -71. Let w = y + -137. Is w prime?
True
Suppose 5*d + 31920 = j - 47856, -5*j = d - 399010. Is j a prime number?
True
Let h = 124608 - 49337. Is h prime?
False
Let p(s) = 106*s**2 + 4*s - 6. Let h be p(7). Let a = 3098 - h. Is 1/(3/5 + a/3555) composite?
True
Suppose -j = -8*g + 9*g + 12, -4*j = -2*g - 42. Is (-1)/((-35)/g) - 68060/(-14) prime?
True
Let d be ((-6)/(-4))/((-6)/(-8)). Suppose 5*k - 295 - 1260 = 0. Suppose -y + k = 5*g, -y + 0*g + d*g = -283. Is y prime?
False
Suppose 3*h + f - 73 = 455, 2*h = -f + 351. Let l be 28/6 - (-8)/(-12). Suppose 3*z - b - 486 = -4*b, -l*b = z - h. Is z a prime number?
True
Let d(x) = -x**3 + 9*x**2 + 22*x + 12. Let b be d(11). Is (-1731)/(-36)*141 - 9/b composite?
False
Suppose 2*c = 5*c - 9. Let l = -61 - -64. Suppose 2*h - h - l*d = 21, c*d - 84 = -4*h. Is h a composite number?
True
Let h(x) = -851*x + 2958. Is h(-119) prime?
False
Is (-3)/6 - (-253)/46 - -270834 a prime number?
False
Let b(h) = 1 + 429*h - 56*h - 5 + 2. Let j(t) = 486765*t - 2611. Let w(g) = 2611*b(g) - 2*j(g). Is w(1) composite?
False
Let z(g) = -g**3 - 2*g**2 + g + 5. Let q(k) = -k**2 - 10*k - 29. Let m be (-3 - -1)*(-35)/(-10). Let h be q(m). Is z(h) composite?
True
Let m = 1752 + -1741. Let y be 2*1 - 4/1. Let n = m - y. Is n prime?
True
Let q(f) = 103*f**3 + 3*f**2 - 5*f + 22. Let n = 411 + -408. Is q(n) prime?
False
Suppose -i - l = -235402, 60*l - 58*l + 235399 = i. Is i a prime number?
False
Let u = -12653 - -12663. Let v(y) = -217*y - 153. Let c(m) = 108*m + 77. Let q(t) = -11*c(t) - 6*v(t). Is q(u) a composite number?
True
Suppose -964958 + 263693 = -15*l. Is l prime?
True
Suppose -4*a - 7*f + 3*f = 28, 4*a + 3*f + 25 = 0. Let n(t) = -578*t**3 + 3*t**2 - 5*t - 5. Is n(a) prime?
False
Suppose 2*d - 3 = 5*w + 16, d - w - 8 = 0. Let i(z) = 17*z + 8. Is i(d) composite?
False
Suppose -3*g = -t - 5 + 129, -5*g = 3*t - 400. Suppose -35*k - 465 = -30*k. Let d = k + t. Is d composite?
False
Suppose -2*f - 696603 = -5*f + 5*w, f + w - 232201 = 0. Is f a prime number?
False
Let t = 564 - 570. Let a(d) = -508*d - 155. Is a(t) composite?
True
Let b = -22565 + 59608. Suppose 0 = -7*q - 10*q + b. Is q composite?
False
Suppose -u + y + 62720 = 0, 4*u - 3*y = -26568 + 277445. Is u a prime number?
False
Suppose -q + 4 - 3 = 0, 3*u = -4*q + 14368. Suppose 0 = -g + u - 583. Suppose 0*y - g = -5*y. Is y composite?
True
Let v(c) = -2*c**3 + 6*c**2 + 26*c + 7. Let w be v(-4). Let n be (-1)/2 - (-77)/14. Is (20/n + 19)*w prime?
False
Suppose -4*g - 5*j = -3*g - 14186, 0 = -2*g + 5*j + 28312. Suppose -26*w = -20*w - g. Is w composite?
True
Suppose 0 = 2*i + t - 28504, -3*i = 5*t - 25900 - 16863. Is i composite?
False
Let r(f) = 12 + f + 5*f - 4*f. Let x be r(-5). Suppose 5*s - 362 = -4*v, 2*s = -0*v + x*v + 152. Is s a prime number?
False
Suppose 3*m + 525 = -2*k + 8845, 2*k - 10 = 0. Let a = m + -1069. Let w = a - 1214. Is w composite?
False
Suppose 1711*h + 2*o = 1715*h - 539942, 7 = o. Is h composite?
False
Let o = 954 + 9277. Is o prime?
False
Suppose 5*o + 10 = 0, -2*n + o = -3*o - 8. Let g = -449 + 451. Suppose n = d - g*d + 1073. Is d composite?
True
Let f(s) = 12*s - 21. Let y be f(-11). Let z = 269 - y. Suppose -z = -3*k + k. Is k composite?
False
Let o = -159 + -15. Let d = 389 + o. Suppose 3*k - d = -2*q + 4*q, k = q + 73. Is k a composite number?
True
Let y = -71 + 85. Suppose -y*w + 24444 = 22*w. Is w a composite number?
True
Is (-3417588)/54*((-99)/44)/(3/2) composite?
False
Suppose -3*y - 3*l + 1257 = 0, 18*y + 4*l = 20*y - 856. Is y prime?
False
Suppose 1119 = 3*y - 1536. Let b = -398 + y. Is b prime?
True
Let s = -37 - -29. Let h be -2*(-5 - 1164/s). Let y = 98 - h. Is y a prime number?
True
Let o = 34 - 21. Suppose 5*r + 2 = -o, -2*r = d + 4. Is 7*(80 + d/(1 + -3)) composite?
True
Suppose 0 = 3*r - s - 9 + 2, 7 = 5*r + 3*s. Suppose -r*f = 3*b - 19501, -b + 8*f - 9*f + 6499 = 0. Is b a prime number?
False
Suppose 12 = -5*t + 9*t. Let k(i) = 2*i**2 - 2*i + 4. Let m be k(t). Suppose 0 = m*j - 17*j + 937. Is j prime?
True
Suppose 0 = -239*r + 238*r - 3*k + 198433, 0 = 5*r + 4*k - 992231. Is r composite?
True
Suppose o = -4*o. Suppose o = 3*b - 0*b - 48. Is -596*2*(-2)/b a composite number?
False
Let b be ((-10)/8)/((7 + -14)/43652). Let k = b + -5168. Is k composite?
True
Let y(i) = 37*i**2 - 11*i - 23. Let b be y(17). Suppose -3*p = -2*j - b, -3*j + 4415 - 18394 = -4*p. Is p a composite number?
False
Suppose -8484 - 78516 = -4*w. Suppose -3*v - 4479 = 5*l - 26241, -w = -3*v - l. Is v a prime number?
False
Let b(o) = 17813*o - 2956. Is b(21) a prime number?
False
Let j = 159391 - 103962. Is j composite?
True
Let k(d) = d**3 - 5*d**